{"id":185,"date":"2025-07-04T12:35:36","date_gmt":"2025-07-04T10:35:36","guid":{"rendered":"http:\/\/cesgfel.com\/?page_id=185"},"modified":"2025-07-14T11:31:58","modified_gmt":"2025-07-14T09:31:58","slug":"nos-formations","status":"publish","type":"page","link":"https:\/\/cesgfel.com\/?page_id=185","title":{"rendered":"Nos Formations"},"content":{"rendered":"\n<p class=\"has-text-align-center has-luminous-vivid-amber-color has-text-color has-link-color has-large-font-size wp-elements-689f917414e87edd78ca5453f2ee24a2\">Nous formons des vigiles et des agents de s\u00e9curit\u00e9 dignes de l&rsquo;\u00eatre.<\/p>\n\n\n\n<p class=\"has-text-align-center\">Chez <strong>Cesgfel<\/strong>, nous sommes convaincus que <strong>la comp\u00e9tence est la premi\u00e8re des s\u00e9curit\u00e9s<\/strong>. <\/p>\n\n\n\n<p class=\"has-text-align-center\">Nous proposons des parcours de formation adapt\u00e9s \u00e0 chaque profil, qu&rsquo;il s&rsquo;agisse d&rsquo;int\u00e9grer le m\u00e9tier de vigile ou de se perfectionner. <\/p>\n\n\n\n<p class=\"has-text-align-center\">Notre approche combine th\u00e9orie et pratique pour former des professionnels aguerris et responsables.<\/p>\n\n\n\n<div class=\"wp-block-columns alignwide is-layout-flex wp-container-core-columns-is-layout-e72e5afa wp-block-columns-is-layout-flex\">\n<div class=\"wp-block-column has-border-color has-background is-layout-flow wp-block-column-is-layout-flow\" style=\"border-color:var(--wp--preset--color--accent-6);border-width:1px;border-radius:10px;background-color:#dee5da;padding-top:var(--wp--preset--spacing--50);padding-right:var(--wp--preset--spacing--50);padding-bottom:var(--wp--preset--spacing--50);padding-left:var(--wp--preset--spacing--50)\">\n<h2 class=\"wp-block-heading has-luminous-vivid-amber-color has-text-color has-link-color wp-elements-82fd2bf8652dbfd6b3a258427361e25a\"><strong><mark style=\"background-color:rgba(0, 0, 0, 0)\" class=\"has-inline-color has-luminous-vivid-amber-color\">Continues <\/mark>: perfectionnement et sp\u00e9cialisation.<\/strong><\/h2>\n\n\n\n<p><em>(Pour les vigiles d\u00e9j\u00e0 en poste souhaitant se sp\u00e9cialiser et obtenir un dipl\u00f4me)<\/em><\/p>\n\n\n\n<p class=\"has-vivid-red-color has-text-color has-link-color has-large-font-size wp-elements-acb2e01d8909550805a0921221e139a7\">10 jours<\/p>\n\n\n\n<ul style=\"padding-bottom:var(--wp--preset--spacing--20);padding-left:var(--wp--preset--spacing--20)\" class=\"wp-block-list is-style-checkmark-list has-small-font-size\">\n<li><strong>Ma\u00eetriser les r\u00e9glementations<\/strong> les plus r\u00e9centes du secteur de la s\u00e9curit\u00e9.<\/li>\n\n\n\n<li><strong>D\u00e9velopper des techniques avanc\u00e9es<\/strong> de surveillance et de pr\u00e9vention des risques sp\u00e9cifiques (ex&nbsp;: gestion des alarmes, contr\u00f4le d&rsquo;acc\u00e8s intelligent).<\/li>\n\n\n\n<li><strong>G\u00e9rer des situations complexes<\/strong> : d\u00e9sescalade de conflits, premiers secours avanc\u00e9s, r\u00e9action face aux menaces sp\u00e9cifiques.<\/li>\n\n\n\n<li><strong>Se sp\u00e9cialiser dans des domaines cl\u00e9s<\/strong> : s\u00e9curit\u00e9 incendie, risques technologiques, protection rapproch\u00e9e (selon vos sp\u00e9cialit\u00e9s).<\/li>\n\n\n\n<li><strong>Acqu\u00e9rir une expertise<\/strong> reconnue pour \u00e9voluer dans votre carri\u00e8re.<\/li>\n\n\n\n<li><strong>Pr\u00e9parer et valider un dipl\u00f4me<\/strong> attestant de vos comp\u00e9tences sp\u00e9cialis\u00e9es.<\/li>\n<\/ul>\n\n\n\n<div class=\"wp-block-buttons is-content-justification-center is-layout-flex wp-container-core-buttons-is-layout-16018d1d wp-block-buttons-is-layout-flex\">\n<div class=\"wp-block-button has-custom-width wp-block-button__width-100\"><a class=\"wp-block-button__link wp-element-button\" href=\"https:\/\/cesgfel.com\/?page_id=231\" target=\"_blank\" rel=\"noreferrer noopener\">Rejoindre<\/a><\/div>\n<\/div>\n<\/div>\n\n\n\n<div class=\"wp-block-column has-border-color has-background is-layout-flow wp-block-column-is-layout-flow\" style=\"border-color:var(--wp--preset--color--accent-6);border-width:1px;border-radius:10px;background-color:#dee5da;padding-top:var(--wp--preset--spacing--50);padding-right:var(--wp--preset--spacing--50);padding-bottom:var(--wp--preset--spacing--50);padding-left:var(--wp--preset--spacing--50)\">\n<h3 class=\"wp-block-heading has-luminous-vivid-amber-color has-text-color has-link-color wp-elements-9576f1a3c050a6fcd7d4ae5028b25628\" id=\"single\"><strong>Courantes : int\u00e9gration \u00e0 la vocation<\/strong><\/h3>\n\n\n\n<p><em>(Pour ceux qui veulent d\u00e9buter et int\u00e9grer la profession de vigile)<\/em><\/p>\n\n\n\n<p class=\"has-vivid-red-color has-text-color has-link-color has-large-font-size wp-elements-3ab9258b43b377e5e12e02c7f4201c0a\">20 jours<\/p>\n\n\n\n<ul style=\"padding-bottom:var(--wp--preset--spacing--20);padding-left:var(--wp--preset--spacing--20)\" class=\"wp-block-list is-style-checkmark-list has-small-font-size\">\n<li><strong>Acqu\u00e9rir les fondamentaux<\/strong> du m\u00e9tier de vigile et les principes de la s\u00e9curit\u00e9 et s\u00fbret\u00e9.<\/li>\n\n\n\n<li><strong>Comprendre le cadre l\u00e9gal<\/strong> et les responsabilit\u00e9s du personnel de s\u00e9curit\u00e9.<\/li>\n\n\n\n<li><strong>Ma\u00eetriser les techniques de surveillance<\/strong> et de d\u00e9tection des comportements suspects.<\/li>\n\n\n\n<li><strong>Apprendre les gestes qui sauvent<\/strong> (secourisme de base) et la gestion des premi\u00e8res urgences.<\/li>\n\n\n\n<li><strong>D\u00e9velopper des comp\u00e9tences relationnelles<\/strong> : communication efficace, gestion du public, accueil et contr\u00f4le.<\/li>\n\n\n\n<li><strong>Mettre en pratique les connaissances<\/strong> \u00e0 travers des exercices concrets et des mises en situation.<\/li>\n\n\n\n<li><strong>Obtenir les certifications initiales<\/strong> n\u00e9cessaires pour d\u00e9buter comme vigile qualifi\u00e9.<\/li>\n<\/ul>\n\n\n\n<div class=\"wp-block-buttons is-content-justification-center is-layout-flex wp-container-core-buttons-is-layout-16018d1d wp-block-buttons-is-layout-flex\">\n<div class=\"wp-block-button has-custom-width wp-block-button__width-100\"><a class=\"wp-block-button__link wp-element-button\" href=\"https:\/\/cesgfel.com\/?page_id=231\" target=\"_blank\" rel=\"noreferrer noopener\">Rejoindre<\/a><\/div>\n<\/div>\n<\/div>\n<\/div>\n\n\n\n<p><\/p>\n","protected":false},"excerpt":{"rendered":"<p>Nous formons des vigiles et des agents de s\u00e9curit\u00e9 dignes de l&rsquo;\u00eatre. Chez Cesgfel, nous sommes convaincus que la comp\u00e9tence est la premi\u00e8re des s\u00e9curit\u00e9s. Nous proposons des parcours de formation adapt\u00e9s \u00e0 chaque profil, qu&rsquo;il s&rsquo;agisse d&rsquo;int\u00e9grer le m\u00e9tier de vigile ou de se perfectionner. Notre approche combine th\u00e9orie et pratique pour former des &hellip; <\/p>\n<p class=\"link-more\"><a href=\"https:\/\/cesgfel.com\/?page_id=185\" class=\"more-link\">Continuer la lecture<span class=\"screen-reader-text\"> de &laquo;&nbsp;Nos Formations&nbsp;&raquo;<\/span><\/a><\/p>\n","protected":false},"author":1,"featured_media":0,"parent":0,"menu_order":0,"comment_status":"closed","ping_status":"closed","template":"","meta":{"footnotes":""},"class_list":["post-185","page","type-page","status-publish","hentry"],"_links":{"self":[{"href":"https:\/\/cesgfel.com\/index.php?rest_route=\/wp\/v2\/pages\/185","targetHints":{"allow":["GET"]}}],"collection":[{"href":"https:\/\/cesgfel.com\/index.php?rest_route=\/wp\/v2\/pages"}],"about":[{"href":"https:\/\/cesgfel.com\/index.php?rest_route=\/wp\/v2\/types\/page"}],"author":[{"embeddable":true,"href":"https:\/\/cesgfel.com\/index.php?rest_route=\/wp\/v2\/users\/1"}],"replies":[{"embeddable":true,"href":"https:\/\/cesgfel.com\/index.php?rest_route=%2Fwp%2Fv2%2Fcomments&post=185"}],"version-history":[{"count":5,"href":"https:\/\/cesgfel.com\/index.php?rest_route=\/wp\/v2\/pages\/185\/revisions"}],"predecessor-version":[{"id":305,"href":"https:\/\/cesgfel.com\/index.php?rest_route=\/wp\/v2\/pages\/185\/revisions\/305"}],"wp:attachment":[{"href":"https:\/\/cesgfel.com\/index.php?rest_route=%2Fwp%2Fv2%2Fmedia&parent=185"}],"curies":[{"name":"wp","href":"https:\/\/api.w.org\/{rel}","templated":true}]}}

<p class="has-text-align-center has-luminous-vivid-amber-color has-text-color has-link-color has-large-font-size wp-elements-689f917414e87edd78ca5453f2ee24a2">Nous formons des vigiles et des agents de sécurité dignes de l&rsquo;être.</p>



<p class="has-text-align-center">Chez <strong>Cesgfel</strong>, nous sommes convaincus que <strong>la compétence est la première des sécurités</strong>. </p>



<p class="has-text-align-center">Nous proposons des parcours de formation adaptés à chaque profil, qu&rsquo;il s&rsquo;agisse d&rsquo;intégrer le métier de vigile ou de se perfectionner. </p>



<p class="has-text-align-center">Notre approche combine théorie et pratique pour former des professionnels aguerris et responsables.</p>



<div class="wp-block-columns alignwide is-layout-flex wp-container-core-columns-is-layout-e72e5afa wp-block-columns-is-layout-flex">
<div class="wp-block-column has-border-color has-background is-layout-flow wp-block-column-is-layout-flow" style="border-color:var(--wp--preset--color--accent-6);border-width:1px;border-radius:10px;background-color:#dee5da;padding-top:var(--wp--preset--spacing--50);padding-right:var(--wp--preset--spacing--50);padding-bottom:var(--wp--preset--spacing--50);padding-left:var(--wp--preset--spacing--50)">
<h2 class="wp-block-heading has-luminous-vivid-amber-color has-text-color has-link-color wp-elements-82fd2bf8652dbfd6b3a258427361e25a"><strong><mark style="background-color:rgba(0, 0, 0, 0)" class="has-inline-color has-luminous-vivid-amber-color">Continues </mark>: perfectionnement et spécialisation.</strong></h2>



<p><em>(Pour les vigiles déjà en poste souhaitant se spécialiser et obtenir un diplôme)</em></p>



<p class="has-vivid-red-color has-text-color has-link-color has-large-font-size wp-elements-acb2e01d8909550805a0921221e139a7">10 jours</p>



<ul style="padding-bottom:var(--wp--preset--spacing--20);padding-left:var(--wp--preset--spacing--20)" class="wp-block-list is-style-checkmark-list has-small-font-size">
<li><strong>Maîtriser les réglementations</strong> les plus récentes du secteur de la sécurité.</li>



<li><strong>Développer des techniques avancées</strong> de surveillance et de prévention des risques spécifiques (ex&nbsp;: gestion des alarmes, contrôle d&rsquo;accès intelligent).</li>



<li><strong>Gérer des situations complexes</strong> : désescalade de conflits, premiers secours avancés, réaction face aux menaces spécifiques.</li>



<li><strong>Se spécialiser dans des domaines clés</strong> : sécurité incendie, risques technologiques, protection rapprochée (selon vos spécialités).</li>



<li><strong>Acquérir une expertise</strong> reconnue pour évoluer dans votre carrière.</li>



<li><strong>Préparer et valider un diplôme</strong> attestant de vos compétences spécialisées.</li>
</ul>



<div class="wp-block-buttons is-content-justification-center is-layout-flex wp-container-core-buttons-is-layout-16018d1d wp-block-buttons-is-layout-flex">
<div class="wp-block-button has-custom-width wp-block-button__width-100"><a class="wp-block-button__link wp-element-button" href="https://cesgfel.com/?page_id=231" target="_blank" rel="noreferrer noopener">Rejoindre</a></div>
</div>
</div>



<div class="wp-block-column has-border-color has-background is-layout-flow wp-block-column-is-layout-flow" style="border-color:var(--wp--preset--color--accent-6);border-width:1px;border-radius:10px;background-color:#dee5da;padding-top:var(--wp--preset--spacing--50);padding-right:var(--wp--preset--spacing--50);padding-bottom:var(--wp--preset--spacing--50);padding-left:var(--wp--preset--spacing--50)">
<h3 class="wp-block-heading has-luminous-vivid-amber-color has-text-color has-link-color wp-elements-9576f1a3c050a6fcd7d4ae5028b25628" id="single"><strong>Courantes : intégration à la vocation</strong></h3>



<p><em>(Pour ceux qui veulent débuter et intégrer la profession de vigile)</em></p>



<p class="has-vivid-red-color has-text-color has-link-color has-large-font-size wp-elements-3ab9258b43b377e5e12e02c7f4201c0a">20 jours</p>



<ul style="padding-bottom:var(--wp--preset--spacing--20);padding-left:var(--wp--preset--spacing--20)" class="wp-block-list is-style-checkmark-list has-small-font-size">
<li><strong>Acquérir les fondamentaux</strong> du métier de vigile et les principes de la sécurité et sûreté.</li>



<li><strong>Comprendre le cadre légal</strong> et les responsabilités du personnel de sécurité.</li>



<li><strong>Maîtriser les techniques de surveillance</strong> et de détection des comportements suspects.</li>



<li><strong>Apprendre les gestes qui sauvent</strong> (secourisme de base) et la gestion des premières urgences.</li>



<li><strong>Développer des compétences relationnelles</strong> : communication efficace, gestion du public, accueil et contrôle.</li>



<li><strong>Mettre en pratique les connaissances</strong> à travers des exercices concrets et des mises en situation.</li>



<li><strong>Obtenir les certifications initiales</strong> nécessaires pour débuter comme vigile qualifié.</li>
</ul>



<div class="wp-block-buttons is-content-justification-center is-layout-flex wp-container-core-buttons-is-layout-16018d1d wp-block-buttons-is-layout-flex">
<div class="wp-block-button has-custom-width wp-block-button__width-100"><a class="wp-block-button__link wp-element-button" href="https://cesgfel.com/?page_id=231" target="_blank" rel="noreferrer noopener">Rejoindre</a></div>
</div>
</div>
</div>



<p></p>

<p>Nous formons des vigiles et des agents de sécurité dignes de l&rsquo;être. Chez Cesgfel, nous sommes convaincus que la compétence est la première des sécurités. Nous proposons des parcours de formation adaptés à chaque profil, qu&rsquo;il s&rsquo;agisse d&rsquo;intégrer le métier de vigile ou de se perfectionner. Notre approche combine théorie et pratique pour former des &hellip; </p>
<p class="link-more"><a href="https://cesgfel.com/?page_id=185" class="more-link">Continuer la lecture<span class="screen-reader-text"> de &laquo;&nbsp;Nos Formations&nbsp;&raquo;</span></a></p>
